ose -2*y - 22 + w = 0. Is y a composite number?
False
Let z be (1/(-4))/((-11)/11044). Let o = z + 458. Is o a prime number?
True
Suppose -4*z + 848555 = 3*w, -228*w - 282855 = -229*w - 2*z. Is w prime?
False
Let x be 0 + -3 - (-4 - 1). Suppose 2*z - 4*z + 516 = 2*d, x*d - 510 = z. Suppose 3*a + 55 - d = 0. Is a a composite number?
False
Let n be ((-3033)/36)/((-9)/8 + 1). Let z = -181 + n. Is z a prime number?
False
Let o be 1314/(-6) - 5*1. Let y = 1413 + o. Is y a composite number?
True
Let w = 5503 - -6770. Is w composite?
True
Suppose -2*n - 4121 = -13961. Suppose 7*q + 1063 - n = 0. Is q prime?
False
Let v = -101 - -145. Let y be ((-90)/20)/(2/v). Let s = y - -1058. Is s a prime number?
False
Let k = 51977 + -24298. Is k composite?
True
Is (-8)/32 + (-6)/(72/(-85551)) a composite number?
False
Let u(v) be the third derivative of v**5/60 - 11*v**4/24 + v**3/3 - 9*v**2. Is u(12) a composite number?
True
Let c(v) = 2562*v**2 + 2*v - 9. Is c(2) a prime number?
True
Suppose 3*j = 3*b - 9861, -10*j + 7*j + 13148 = 4*b. Is b composite?
True
Let c = -43 - -45. Is 1 + 0 - 6*(-146)/c a prime number?
True
Is (-22)/(-121) - (-3056)/11 prime?
False
Suppose 1129 = 2*y - 1503. Let f = -649 + y. Is f composite?
True
Let c = -46 - -139. Is c + (-1 - 0) + -1 a prime number?
False
Suppose -4*y + 3*y = 0. Suppose y = -4*o + 7 + 1. Suppose -4*x + 5*m = -596, -x + o*m + 8 = -141. Is x prime?
True
Let t(u) = -8*u**3 + 2*u - 4. Let a(p) = -9*p**3 + p**2 + 2*p - 5. Let j(g) = 3*g + 11. Let f be j(-5). Let d(k) = f*t(k) + 3*a(k). Is d(3) composite?
False
Let o = 17 - 10. Suppose -o*x + 3243 = -4*x. Is x composite?
True
Suppose -l - 4*n + n = -11, 4*l + 4*n = 20. Suppose 8*q + 5*h - 1516 = 4*q, 0 = l*h. Is q a prime number?
True
Let w(u) be the first derivative of 23*u**3/3 + 3*u**2 - 4*u - 8. Is w(-5) a composite number?
False
Suppose 2*x + 5 = v, -3*x + 3*v - 5*v - 4 = 0. Let b(p) = 154*p**2 + 9. Let i(g) = 307*g**2 + 19. Let k(a) = x*i(a) + 5*b(a). Is k(4) a prime number?
True
Let g(j) = j + 19. Let l be g(-15). Is (166/(-4))/(l/(-8)) composite?
False
Let t be (59874 + 2)*9/6. Is t/14 + 56/(-196) composite?
True
Suppose 5*q = -5*h - 20, -q - 23 = q + 5*h. Is -2 - (q + -6) - -84 composite?
True
Suppose -8*z + 5*z = 11268. Let u = 6695 + z. Is u prime?
True
Suppose t - 66 = 4*t. Let j = 28 + t. Is 4/(-6) + 1510/j composite?
False
Let v = -1984 + 3303. Is v a prime number?
True
Suppose 0 = 4*w - 37694 - 164022. Is w a composite number?
True
Suppose 4*g - 4263 = 3817. Suppose 3*a + g = -5*r + 5100, 0 = -4*a - 5*r + 4100. Let k = a - 727. Is k composite?
False
Let m = -169378 + 294771. Is m composite?
True
Let t be 40/6 + (-2)/3. Let k be (-2)/(3 - 22/t). Suppose k*u + u = 104. Is u composite?
True
Let k(z) = 377*z + 26. Let n = -109 + 112. Is k(n) composite?
True
Let m(h) = h**2 - 3*h - 17. Let o be m(7). Let w(p) = 96*p + 31. Is w(o) composite?
False
Is 8 + (-31405)/22*-54 a composite number?
False
Is (14/7)/(1/(9057/6)) a prime number?
True
Let t be -5 + 4 + 1394 + -1. Suppose 1168 = 3*m + 5*l - 925, 5*l - t = -2*m. Is m prime?
True
Let y be (-8)/(-16)*(11 - -1). Is 791*3*2/y prime?
False
Let a be (11 + 0)*(16 - 9). Let v = 123 - a. Is v prime?
False
Let v(n) = -19*n + 42*n - 21*n. Let q be v(2). Suppose -1202 - 1122 = -q*i. Is i a prime number?
False
Let z = 11 - 8. Suppose -1659 = -z*v - 96. Suppose 0*r - v = -r. Is r composite?
False
Is 2/(((-2)/7)/(1164/(-28))) prime?
False
Let i(k) = -k + 2. Let v be i(-1). Is (3 - 593)/(v + -5) prime?
False
Suppose -5*x + 36 - 36 = 0. Suppose x = -9*y - y + 7430. Is y a prime number?
True
Let j = 3060 - 127. Is j a prime number?
False
Let d(r) = -4*r**2 - 2*r - 2. Let k be d(-5). Let x = k - -166. Suppose p = -p + x. Is p a composite number?
False
Is (-197990)/(-25) - 6/10 a prime number?
True
Let l(r) = -r**3 + 6*r**2 - 4*r - 17. Let a be l(7). Let i = 223 - a. Is i a prime number?
True
Let v(a) = 85*a**3 + 6*a**2 - 47. Is v(6) prime?
False
Let p(w) = 2*w**3 - 48*w**2 - 10*w - 49. Is p(30) composite?
True
Suppose -b = 5*n + 25, -5*n + b + 2*b = 45. Let l = n + 11. Suppose 276 = 4*y + 4*t, -y + 3*t + l + 56 = 0. Is y a composite number?
False
Suppose y + 3*f - f = 17, -85 = -5*y + 4*f. Suppose -z = -3 + y. Is (12 + z)/((-4)/526) a composite number?
False
Suppose -7*q - 48516 = -19*q. Is q prime?
False
Let u = 2892 - -561. Is u a composite number?
True
Let o be -4*(-4)/(-8) - -2. Suppose 0*l - 3*l + 45 = o. Let n(v) = v**3 - 15*v**2 + 15*v - 20. Is n(l) a composite number?
True
Let i = 12961 + -8540. Is i a prime number?
True
Suppose 32 + 4 = 4*z. Let q(s) = s + 8*s - 431*s**2 - 10 + 435*s**2. Is q(z) prime?
False
Let v(f) = 28*f - 191. Is v(21) prime?
True
Let y be 1836 + 2 + 3 + 1. Suppose 2*j - 653 = 3*h - y, 5*j = -4*h + 1570. Is h a prime number?
False
Is 12287 - 0 - 3/(1 - -2) a composite number?
True
Let z = -59 - -50. Is (-14)/63 + (-5681)/z prime?
True
Let z(v) = -5*v - 4. Let p(g) = -g**2 + g + 4. Let s be p(0). Suppose -b - 3*f - 7 = 0, 3*b - b - s*f = -14. Is z(b) prime?
True
Suppose -4*k - 206 = -2*l + 112, -4*l = -4*k - 316. Let h = k - -243. Is h composite?
False
Let a be (-1)/(-2) - 2 - 28/(-8). Suppose a*q - 4*j = 144, -2*q + 3*j = -0*q - 145. Is q a prime number?
False
Let q(t) = 149*t + 146. Is q(31) a prime number?
False
Let r(k) = k**3 - 12*k**2 - 12*k - 17. Let l be r(13). Is (l/8)/(1/(-326)) a prime number?
True
Let l = -4772 + 6871. Is l a prime number?
True
Let d = 18246 + 61337. Is d prime?
False
Suppose -5*k - 10 = 0, -k - 15745 = -5*u - 6*k. Is u prime?
False
Let g(m) = 34*m**2 - 38*m**2 + 123*m**2 - 1 - 2*m. Is g(-2) composite?
False
Suppose 3*o - 75 = 3*h, -2*h = -0*h - 5*o + 53. Let p = h + 28. Suppose -2*u = 5*i - 529, -p*u - i + 6*i = -1013. Is u a composite number?
False
Suppose -4*w + 8 + 0 = 0, -5*b = -3*w - 369. Suppose 2*k - b = 3*k. Let o = k - -274. Is o prime?
True
Let p(r) = 80*r**2 + 2*r + 5. Is p(9) a prime number?
False
Let i = 226 - -23. Is i prime?
False
Let p be (-30)/8*(-120)/(-45). Let y be (-48)/p - (-1)/5. Suppose -y*j + 958 = -a, j + 3*a - 182 = -0*j. Is j composite?
False
Suppose -4*o - 3*b = -5*o + 358, 4*o + 5*b - 1347 = 0. Suppose -592 = -2*t - 2*g, -t - 4*g = -o + 38. Is t a composite number?
False
Suppose -85*s - 958 = -87*s. Is s composite?
False
Suppose 150 = -7*q + 983. Is q a composite number?
True
Let w(s) = -83*s - 3. Let j(c) = 42*c + 2. Let v(d) = -9*j(d) - 4*w(d). Let i be v(-4). Is i/4*(0 + 2) prime?
True
Let s = 28999 - -2958. Is s a composite number?
False
Let g = -22 - -34. Let l = 9 + -4. Suppose -w = l - g. Is w prime?
True
Let y(w) = 82*w**2 - w - 16. Is y(-7) a composite number?
True
Is 224232/(1 + 1) + 56/8 a prime number?
False
Suppose 3*n - 5*h = 1498, 1500 = 6*n - 3*n - 3*h. Suppose 4*f - 507 = n. Suppose -g - f = -4*g - 3*x, 4*g - 3*x = 329. Is g prime?
True
Let s be (-3364)/(-6)*(-27)/(-18). Suppose 6*b + s = u + 2*b, -u + 2*b = -841. Is u prime?
False
Let a(l) = -7 - 124*l - 37*l + 4. Is a(-2) a prime number?
False
Suppose 0 = 4*c - 3*o - 1169, 9*o = 2*c + 6*o - 583. Is c a composite number?
False
Let q = 27 + -27. Suppose q = 9*s - 991 - 80. Is s a prime number?
False
Let k(a) = -252*a + 65. Is k(-24) a prime number?
True
Suppose 407 = -8*n + 9*n. Is n a composite number?
True
Let q be 586 + (-6 - (-1 - 3)). Suppose 15*n = 19*n + q. Let r = 57 - n. Is r a composite number?
True
Let i be 7/2*((-8)/4 + -30). Let c = 591 - i. Is c a composite number?
True
Let v = -12809 + 25650. Is v a prime number?
True
Let x(i) = -9*i**3 - 6*i**2 + 21*i + 19. Is x(-10) a prime number?
True
Let a = -2 + 0. Is (a + -1 + 4)/1 - -390 prime?
False
Let s = 14 + -52. Let t = s - -1297. Is t composite?
False
Let q(w) = w - 10. Let u be q(14). Let x(h) = 13*h**2 - 6*h + 4. Let g be x(u). Suppose k - g = -3*k. Is k a prime number?
True
Let l be (-96)/(-4)*2082/(-9). Let b = -2293 - l. Is b prime?
True
Let q(i) = 6*i**2 - 3*i - 7. Suppose -5*p - 6 = -a, -3*a + 4*p + 0*p = -18. Is q(a) prime?
True
Suppose -3*u - 178 = 5*a - 475, -57 = -a - 3*u. Let p(z) = 2*z**2 - 79*z + 89. Let o be p(38). Let g = a + o. Is g a prime number?
False
Let f = -15320 + 35581. Is f a prime number?
True
Let l(p) = p**3 + 2*p**2 - 24*p + 90. Is l(11) a composite number?
False
Suppose -59 = 